pose 17148 - 65441 = -7*x. Is x composite?
False
Let x(h) = 2*h**2 - 12*h + 11. Let q be x(12). Let s = q + 240. Is s a prime number?
False
Let f = 7059 + 21748. Is f composite?
False
Suppose -10*l + 8*l + 632 = 0. Let g = 989 - l. Is g a prime number?
True
Suppose -3*b - 3*j - 28 = 113, -4*j + 148 = -3*b. Is ((-418)/3)/(-2) - b/(-72) composite?
True
Suppose -3*r - 53*z + 4320 = -56*z, 5759 = 4*r - 3*z. Is r prime?
True
Let x be 18/(-12)*(-20)/6. Suppose x*g - 6*g = -329. Is g a prime number?
False
Is 3/(18/22710) + 2 prime?
False
Suppose -12 = -2*x - 3*j, -3*x - 2*j + 24 = x. Let q = x - 29. Let d = 14 - q. Is d prime?
True
Let p = 35 - 33. Let c(r) = 60*r**2 + 5*r + 1. Is c(p) a composite number?
False
Let i(z) = -z**3 + 15*z**2 - z + 12. Let d be i(15). Let r = -35 - -112. Is r + 8/(d - -7) prime?
True
Let i be (-1 + -3)*1 - 1. Let c(y) = -5*y**3 - 6*y**2 - 6*y + 4. Is c(i) a composite number?
False
Suppose 23916 = 3*k - 693. Is k a composite number?
True
Let g(l) = l - 2. Let w be g(5). Suppose -2*y + 3*y - w*j = -6, -4*j = -4. Is 31 - (-8)/(7 + y) a composite number?
True
Suppose 14546 = 104*d - 102*d. Is d a prime number?
False
Suppose 0*i + 5*i = -35. Let v(z) be the first derivative of -41*z**2/2 + 8*z + 3. Is v(i) a composite number?
True
Let k(o) = 2*o**3 - 8*o**2 - 3*o - 87. Is k(20) prime?
True
Let n(k) = 2*k**2 - 14*k - 11. Suppose 0 = -21*j + 22*j + 18. Is n(j) a composite number?
True
Is 2 - (-1)/((12/28527)/4) a composite number?
False
Let d = -1523 - -2313. Suppose -21*j + d = -19*j. Is j composite?
True
Let u = 8270 - 3529. Is u a prime number?
False
Suppose -2*h + 40987 = 3*c + 2734, 0 = -5*h. Is c a composite number?
True
Suppose g = 5 - 2. Suppose z - g*m - 69 = 0, -2*m - 57 = -3*z + 122. Let i = z - -20. Is i a prime number?
False
Suppose -5*n + 8 = 28, -n - 27149 = -5*i. Is i a prime number?
False
Let z be ((-1 - 2) + 2)*0. Suppose 3*u + z*u - 273 = -2*v, 0 = 5*u + v - 455. Is u a prime number?
False
Is -2*(15/(-20) + 27358/(-8)) a prime number?
True
Suppose -8*n = 3379 - 39699. Suppose x - n = -5*j, -2*j - 2706 = -5*j + 3*x. Is j a prime number?
True
Let l(y) = 228*y**2 - 26*y + 381. Is l(10) prime?
True
Let r = 85 + -75. Suppose -18*n - r = -16*n, 4*n + 6010 = 5*x. Is x composite?
True
Let n(k) = 3264*k + 43. Is n(4) composite?
False
Let b be (0 + 63/(-6))*120/(-9). Let o = 307 - b. Is o a composite number?
False
Suppose 4*t = 1200 - 368. Suppose -j = 2*n - t, -4*n - 1040 = -5*j - 2*n. Let x = 709 - j. Is x a composite number?
True
Let z be -3*((-14)/(-8) + -2)*4. Suppose 0 = 3*b - 4*j - 25, 3*b - b + 2*j + 2 = 0. Suppose 0 = g, 0 = -z*x - 2*x + b*g + 475. Is x composite?
True
Suppose 0 = -6*k + 179412 + 267930. Is k a composite number?
True
Suppose 5*b = -20, 579246 + 5735 = 5*q - 4*b. Is q prime?
True
Let i = -406 - -1898. Let p = i + -791. Is p a prime number?
True
Suppose 9 + 6 = -n. Let u = 47 - 26. Let a = u + n. Is a composite?
True
Suppose 3465 = u + 10*v - 14*v, 0 = 4*v + 12. Is u a prime number?
False
Let w be 4 + 7/((-21)/6). Is (3 - 3210/(-12))*w a composite number?
False
Suppose 3*z - 5 - 7 = 0. Suppose z*k + 2347 = 7791. Is k a prime number?
True
Suppose -30 - 25 = -11*t. Suppose -t*c = 14*c - 9443. Is c prime?
False
Suppose 14*g + 1960 - 10178 = 0. Is g a prime number?
True
Suppose 0 = -o - p + 500, -2*p - 3*p = 3*o - 1506. Let m = o + -274. Is m a composite number?
False
Suppose 607 = 2*s - 663. Is s + (-3 + 1)*1 prime?
False
Suppose 5*l - 3056 = 2124. Suppose l = 2*h + 3*p - 0*p, -h + p + 523 = 0. Is h a composite number?
False
Let p(w) = w**2 - 5*w - 15 + 6 - 4 - 1. Let y be p(15). Suppose 5*g - y = 129. Is g composite?
False
Let k be (3*(-706)/5)/((-12)/(-60)). Let m = 3173 + k. Is m a composite number?
True
Let x = -6 - -3. Is x*2/(-3) + 1047 a prime number?
True
Let f(w) = -3*w + 5. Let t be f(-6). Let q = 35 - 19. Let s = t - q. Is s a prime number?
True
Suppose -f - k + 28 = 0, -f + k + 0*k = -38. Is (f/6)/(2/28) composite?
True
Let f(l) = 5*l**2 - 15*l + 9. Suppose -45*s + 46*s = -8. Is f(s) composite?
False
Let w = 5788 + -1089. Is w prime?
False
Suppose -3833 = 5*b - 3*u, b - 3*u = 5*b + 3061. Suppose -25*o + 32*o + 9149 = 0. Let h = b - o. Is h prime?
True
Suppose 0 = -0*o + 5*o - 15. Suppose -6*t - 5*u = -t - 4365, 2595 = o*t - 3*u. Is t prime?
False
Let j = 1757 + -933. Suppose -b + 3*t = -160, -j = -4*b - b + 3*t. Is b prime?
False
Suppose 3*y = -4*u + 13, 2*u = -y - 3*y + 4. Suppose 0 = 3*o - u*o - 1. Let d = o - -11. Is d prime?
False
Let j(l) be the third derivative of l**6/40 - 2*l**5/15 + l**4/6 + l**3 - l**2. Let c be j(5). Suppose -2*b = -c + 7. Is b prime?
True
Suppose 29 = 3*t + 11. Is (2/t*-5)/((-5)/465) a prime number?
False
Suppose 22*a + a - 57247 = 0. Is a composite?
True
Let l(t) = 11*t**2 - 13*t - 25. Suppose -w - 11 = 5*j, w - 1 = 5*j - 2. Is l(w) prime?
True
Let q be ((-536)/(-12) + 1)*9. Is 1*(-4 - (0 - q)) a composite number?
True
Let r(a) = 326*a - 65. Is r(5) a composite number?
True
Is 61356/(-18)*-2*(-9)/(-12) composite?
False
Suppose 25*r - 6654 = 23*r. Is r a prime number?
False
Let d be 662/11 - 12/66. Let m be d + 2/(-4)*2. Suppose -118 = -2*n - 0*n - k, -m = -n + 2*k. Is n a prime number?
True
Let g(i) be the second derivative of -3*i**5/20 - i**4/4 - 7*i**3/6 + i**2/2 - 11*i. Is g(-6) a composite number?
True
Let m(g) = -11*g**3 - 3*g**2 - 16*g - 11. Is m(-8) a prime number?
True
Let c = 28705 - 10936. Is c prime?
False
Let w = -207 + 266. Is w a prime number?
True
Let n(k) = -31*k + 5. Suppose 5*j = 5*u - 75, -3*j - 17 = 8*u - 4*u. Is n(j) prime?
False
Let n(x) = -2*x + 1069. Let g be n(0). Suppose 311 = -2*y + g. Is y a prime number?
True
Suppose -4*z + 468 = 2*t, 4*t + 4*z = 5*t - 264. Let l = 561 - t. Is l composite?
False
Let p = 12761 - 7534. Is p prime?
True
Let p(x) = 4 + 2 + 30*x - 5. Suppose -5*k + 2 + 0 = j, -25 = -4*j - 3*k. Is p(j) composite?
False
Suppose -11*i + 20*i = 21663. Is i a composite number?
True
Let v(r) = r**2 - r + 149. Suppose 4*q - 3 = 2*t - 23, 2*t + q = 0. Suppose -6*z = -t*z. Is v(z) composite?
False
Suppose 0 = 2*t - t - 4. Let o(f) = f - 1. Let j be o(t). Suppose z + j*v - 41 = 0, 3*z + v - 74 - 9 = 0. Is z a composite number?
True
Suppose 19 = -2*y - 27. Let q = 25 + y. Suppose -q*d = -3904 + 590. Is d a composite number?
False
Let q = 96068 - 52135. Is q composite?
False
Let c(s) = -10*s**2 + 9*s - 18. Let a(l) = 20*l**2 - 18*l + 36. Let f(u) = 4*a(u) + 7*c(u). Let p be f(-16). Is (p/(-6))/((-3)/9) a prime number?
True
Let l be 0*4/12 + 3. Let t = 8 - l. Is (-1)/t + 153/15 a composite number?
True
Let n = 39538 + -21437. Is n composite?
True
Is 1/((-102333)/25581 + 4)*-3 composite?
False
Suppose -13*o + 8*o + 25 = 0. Suppose -4*v = 2*n - 0*v - 246, -4*n + o*v = -518. Is n a composite number?
False
Let h(l) be the third derivative of 2*l**5/15 + 4*l**4/3 - l**3/6 + 20*l**2. Is h(-15) prime?
True
Suppose -4*b + 20156 = -2*a, 0 = -26*a + 30*a. Is b a prime number?
True
Is (-2 - -20242) + (8 - 3) composite?
True
Let t(y) = -y**2 + 16*y - 12. Let p = 20 - 5. Let i be t(p). Is i - -1 - (-290 - 1) a prime number?
False
Is (-1)/((-22)/66*6/1814) a prime number?
True
Suppose 2*o + 4*h - 16 = 0, -3*h = -5*o - 1 + 2. Is 0 + 1 + 965 + (3 - o) a composite number?
False
Suppose -k - 4294 = -4*h, 11*h + k = 10*h + 1071. Is h a prime number?
False
Let m(y) = -y**3 - 53*y**2 - 39*y + 29. Is m(-62) prime?
False
Let g = -72673 + 195168. Is g prime?
False
Let q(l) = l**3 - 8*l**2 + l - 8. Let c be q(8). Suppose 3*o + 5 - 17 = c. Suppose -o*j = -k - 794 + 203, 4*j - 581 = 3*k. Is j prime?
True
Let t be (-2 + 2)/(4/(-3 - -1)). Let v(o) = -o**3 + o**2 + 1061. Is v(t) composite?
False
Let x(h) = 20*h**2 + 86*h - 29. Is x(-19) composite?
False
Let h(w) = -184*w - 3618*w + 155*w - 10. Is h(-1) a composite number?
False
Let z(t) = 22*t**2 + 6*t - 5. Let w = -18 + 21. Is z(w) a composite number?
False
Suppose 5*g = -3*z - 15, 0*g + g + 3 = -3*z. Suppose -30 = b + 4*b. Is -47*g/b*-2 a composite number?
False
Suppose 0 = 4*q + 4*x - 8, 2*q + 6 = 3*q - x. Let r = 8 - 4. Suppose 0 = 2*c + b - 0*b - 937, -q*c = r*b - 1880. Is c prime?
True
Let y(i) = 37*i**2 - 3*i + 7. Let p = -60 + 55. Is y(p) prime?
True
Suppose -46 = -q + 63. Let o = -14 - 8. Let m 